Let c(i) = -4*i + 0*i + 6*i**2 + 5*i**2 + 4*i**2 - 2. Let a be c(-2). Suppose -2*z = 4*t - a, 5*t - 2*z - z - 55 = 0. What is the tens digit of t?
1
Let m be 2*5 + 3*4/(-12). Suppose 6 = -3*b + m. What is the units digit of b?
1
Let f = 155 - 112. Let w = f - -229. What is the hundreds digit of w?
2
Suppose 4*a - 11 = -3. Let w(c) = -2*c**2 - 34*c + 81. Let u be w(-19). Suppose -2*t + a*d = t - 117, -26 = -t + u*d. What is the tens digit of t?
4
Let g be (-15)/6*12/(-15). Suppose g*q + 3 = 9. Suppose 0 = 2*z - 2 - 0, q*x + 3*z - 108 = 0. What is the units digit of x?
5
Let n(o) be the first derivative of o**3/3 + 5*o**2/2 + 36*o - 5. What is the tens digit of n(-11)?
0
Let h be -5*(-3)/15 + -11. Let u = 72 + -111. Let i = h - u. What is the tens digit of i?
2
Let p(r) = 27*r**2 + 52*r + 213. What is the hundreds digit of p(-5)?
6
Let c be ((-1)/(-5))/((-1)/(-5)). What is the units digit of (c - (2 + -2)) + 4?
5
Let b be (186/(-5) - 0)*5. Let d = -86 - b. What is the units digit of d?
0
Let h(r) = 4 + 10*r**3 + 9*r**2 + 0*r**2 - 11*r**3. Let j be h(9). Suppose -5*y - 2*p = -48, -7*y + 4*y + j*p + 34 = 0. What is the tens digit of y?
1
What is the units digit of (0 + (-8)/(-16))*516?
8
Suppose 0 = 3*l - 0*l - 618. Let w = l - 78. Suppose -2*h - 2*h = -w. What is the tens digit of h?
3
Suppose 3784 = 18*c - 10*c. What is the units digit of c?
3
Let v(x) = 1 + 2*x**2 - x + 2*x - 4*x**2 + 3*x**2. Let p be v(2). Suppose 3*s + p = 157. What is the tens digit of s?
5
What is the tens digit of (5/(-20))/(9/(-43164))?
9
Suppose 4*c + 4*f + 4 = 0, c - 2*f + 9 = 2. What is the tens digit of (-56)/(-36)*33 + (-2)/c?
5
Suppose 3*b = -2*b. Suppose 2*n - 4*n - 4 = b. What is the tens digit of (1 + 3)/(n/(-8))?
1
Suppose c - 6*a = -5*a + 1, a = -2*c - 1. Let n be -3 + 3 + c - 2. What is the units digit of 13 - -2*(-3 - n)?
1
Let t(m) = 1489*m**2 - 3*m - 5. What is the hundreds digit of t(-1)?
4
Suppose 0 = 2*s + 3*s + 180. What is the tens digit of (-3)/(s/141)*4?
4
Let s = -11 + 13. Suppose 5*m + 3*p - 235 = 0, -s*p = -0*p - 10. What is the tens digit of m?
4
Suppose 0 = -4*c, 3*f - 378 = 5*c + 1875. What is the hundreds digit of f?
7
Let c = -56 + 49. What is the tens digit of 178 - c - 0/3?
8
Let k = 393 + -253. Suppose -64 = -2*s + k. What is the tens digit of s?
0
Let h = 1026 + -725. What is the hundreds digit of h?
3
Let l be -1 + (-2 - -5 - 0). Let u(y) = -l*y**2 + 0*y**3 + y - y**2 + 2*y**2 - y**3 + 2. What is the units digit of u(-3)?
7
Let b(t) = t**3 - 5*t**2 + 40*t - 9. What is the hundreds digit of b(11)?
1
Let h = 11 - 6. Suppose -h*p + 185 = -5*s, 3*s = 5*s - 4*p + 76. Let r = s - -63. What is the units digit of r?
7
Let s(t) = t + 7. Let f be s(0). Suppose -f - 98 = -3*l. What is the units digit of l?
5
Suppose -3 = 2*s - 9, 0 = 3*g - 3*s - 627. Let z = -94 + g. What is the units digit of z?
8
Suppose h + 1185 = s, -s - 3*h = h - 1160. What is the hundreds digit of s?
1
What is the units digit of ((-199)/(-7))/((-54)/(-378))?
9
Suppose 0 = -2*a + 5*g + 993, 28 = a + 5*g - 491. What is the tens digit of a?
0
Let n(m) = 7*m + 3. Let x be n(-6). Let p = 199 + x. What is the tens digit of p?
6
Let m be (162/2)/1 - 2. Suppose 516 = 4*j - 2*r, -3*r + 321 = 2*j + m. Suppose 0 = 5*s + 12 - j. What is the units digit of s?
3
Suppose -c = -12 - 3. Suppose c = 3*z - 0. Suppose 0 = 2*r - h - 59, -149 = -z*r - h + 4*h. What is the units digit of r?
8
Suppose 0 = 72*v - 66*v - 1440. What is the hundreds digit of v?
2
Let q(m) = -m**3 + 8*m**2 + 9*m + 2. Let y be q(9). Suppose 3*v - 30 = -y*v. What is the units digit of (-2 - (-4 + v)) + 50?
6
Let k be 34 + (3 - 10) + 3. Let q = 12 + k. What is the units digit of q?
2
Suppose -3*w + 78 = -3*h, w + 6*h - 24 = 9*h. What is the tens digit of w?
2
Suppose -3*c - 9814 = -5*z + 172, 5*z - 9988 = 4*c. What is the thousands digit of z?
1
Let d be ((-2)/(-1))/((-14)/(-105)). Let j be 231/d + 6/10. Let g = 34 - j. What is the units digit of g?
8
Let u = 301 + -113. What is the units digit of 18/(-27) + u/3?
2
Suppose -51*t - 9 = -48*t. What is the tens digit of 1/(1*t*(-3)/531)?
5
Let t = 335 - 103. Suppose 2*f - t = 200. Suppose -5*r + f = -3*j, 158 = 4*r - j + 6*j. What is the units digit of r?
2
Suppose 3*s - 3088 = r - 110, -8 = 4*r. What is the units digit of s?
2
Suppose -4*n + 5*m = 2*m - 32, -2 = -2*n - 2*m. Suppose 0 = n*w + 4*q - 209, -q + 19 + 105 = 3*w. What is the units digit of w?
1
Suppose 0 = -4*a - a. Suppose 0 = 2*b - a - 10. Suppose -g = 2 - 5, -b*g + 310 = 5*i. What is the tens digit of i?
5
Let u(i) = 0*i + i - 6*i + 1 + 0*i. Let c be u(-1). Suppose -c*o + 16 = -32. What is the units digit of o?
8
Suppose 0 = 2*k + 7*u - 10*u - 5947, -k - 5*u + 2967 = 0. What is the tens digit of k?
7
Let i(p) = -p**3 + p + 2. Let x be i(2). Let a = -2 - x. Suppose 0*h - 5*h = 2*t - 60, 24 = h - a*t. What is the units digit of h?
4
Suppose 54416 = 39*q - 20*q. What is the units digit of q?
4
Let g = 32 + -27. Suppose -g*v + 527 = 172. Let k = v - 19. What is the tens digit of k?
5
Let t(z) = -z + 19. Let w be t(11). Let o = 39 - w. What is the units digit of o?
1
Suppose 0 = w + 2*w - 12. Suppose -14*s - 26 = -s. Let k = w - s. What is the units digit of k?
6
Let w(u) = 3*u**3 - 7*u**2 + 11*u + 11. What is the tens digit of w(8)?
8
Suppose 0 = -3*f + 6 - 0. Let u(w) = 1 + w**f + 0*w**2 + 0*w**2 - 11*w. What is the units digit of u(11)?
1
Let a(t) = 113*t**2 - 4*t - 2. Let n be a(-2). Suppose 0 = -5*h - 3*g + 719, 3*g - n = -4*h + 116. What is the units digit of h?
5
Let h be (-3)/3 - 154 - (2 - 5). Let t = h - -282. What is the hundreds digit of t?
1
Let g(p) = -p + 17. Let u be g(16). What is the hundreds digit of (u/(2/(-12)))/(3/(-58))?
1
Suppose 4*b = -4*d - 12, -2*b + 0*b - 2 = 0. Let q be d/(-8) - (-77)/44. Suppose -h = -q*w - 2*w + 133, -2*h + 150 = 5*w. What is the tens digit of w?
3
Let w(i) = -2*i + 3. Let h be w(5). Let s = h - -13. Suppose s*g + 62 = 3*c + 2*g, 45 = 5*c + 5*g. What is the units digit of c?
4
Suppose 4*f - 9*f = 2*i - 502, 1064 = 4*i - 5*f. What is the units digit of i?
1
Suppose -228 = u - 4*u. Let p = u + -40. What is the tens digit of 3/2*312/p?
1
Let l = -308 - -530. Suppose 3*d = 4*v + 331, 2*d - v = 2*v + l. What is the tens digit of d?
0
Let m(f) = -5*f - 22. Let x(y) = -y**2 + 9*y - 1. Let a be x(11). What is the tens digit of m(a)?
9
Suppose 0 = 23*w - 26*w - 15. Let v(u) = -4*u - 5. What is the tens digit of v(w)?
1
Let v(y) = -y + 26. Let k be v(0). Let w(o) = o**3 + 17*o**2 - 37*o + 15. Let l be w(-19). Let c = k + l. What is the units digit of c?
2
Let x(g) = -g**3 - 14*g**2 - 2*g + 46. What is the tens digit of x(-14)?
7
Suppose 5*v - 492 = -3*l, -2*v + 801 = -l + 6*l. What is the hundreds digit of l?
1
Let q(i) = 130*i**2 - 2*i + 5. Let t be q(2). Suppose -14*h + t = -1551. What is the units digit of h?
8
Suppose 0*r - 52 = -w + 4*r, 2*r = -4*w + 244. Suppose -5*b - h = -6*h - w, 0 = -5*b + h + 48. What is the tens digit of 162/b - (2 - -1)?
1
Let q be -2 - (1 + 0) - 0. Let d be (q - -2) + 2 - 3. What is the units digit of (d + -8)*4/(-1)?
0
Let z be (-35)/(-10) - (-3)/(-2). Suppose -270 = -4*k + z*k. Let o = k + -65. What is the tens digit of o?
7
Let f(h) = 2*h**3 - h**2 - h + 11. Let z be (-1)/(-3) - (70/(-21))/(-10). What is the units digit of f(z)?
1
Suppose 0 = -2*w + 3*w - 3. Let d be (w/(-15))/((-2)/10). What is the units digit of 10 + 6*d/2?
3
Let o(i) = -i**3 + 13*i**2 + 7*i + 10. Let s be o(8). Suppose -3*c + 5*z = -229, -z + s = 5*c - 5*z. What is the units digit of c?
8
Let z = 10 + -7. Suppose z*o - 5*a - 235 = -19, 2*o + 4*a = 122. What is the units digit of o?
7
Let h(y) = -y + 5. Let s(c) = -c + 4. Let v(j) = 2*h(j) - 3*s(j). Let o be v(4). Suppose 3*k - 106 = o*z, -3*k + 68 = 2*z - 18. What is the tens digit of k?
3
Suppose 5*y - 1096 = -3*p, -5*y + p + 1084 = -2*p. What is the units digit of y?
8
What is the hundreds digit of (-4)/3*21789/(-54)?
5
Suppose -2*i - u + 179 = 0, -2*i - 2*i = -3*u - 333. Let h = 185 - i. What is the units digit of h?
8
Let k(n) = 3*n + 2. Let t be k(-18). Let c = 78 - t. What is the units digit of c?
0
Suppose 12*k = 15*k + 5*w - 1650, -2772 = -5*k - w. What is the hundreds digit of k?
5
What is the tens digit of (((-24